{"id":21031,"date":"2022-05-21T16:59:33","date_gmt":"2022-05-21T14:59:33","guid":{"rendered":"https:\/\/wgt.ch\/?page_id=21031"},"modified":"2022-10-04T16:34:46","modified_gmt":"2022-10-04T14:34:46","slug":"ping-an","status":"publish","type":"page","link":"https:\/\/wgt.ch\/fr\/ping-an\/","title":{"rendered":"P\u00eeng-an!"},"content":{"rendered":"<section class=\"l-section wpb_row height_small\"><div class=\"l-section-h i-cf\"><div class=\"g-cols vc_row via_grid cols_1 laptops-cols_inherit tablets-cols_inherit mobiles-cols_1 valign_top type_default stacking_default\"><div class=\"wpb_column vc_column_container\"><div class=\"vc_column-inner\"><div class=\"wpb_text_column\"><div class=\"wpb_wrapper\"><h2>\u5e73\u5b89\u00a0 \u00a0 \u00a0P\u00eeng-an !\u00a0 \u00a0 \u00a0Que la paix soit avec toi !<\/h2>\n<p>Bienvenue \u00e0 la Journ\u00e9e mondiale de pri\u00e8re autour de la liturgie de Ta\u00efwan\u00a0!<br \/>\nSur cette belle \u00eele du Pacifique, de nombreuses personnes se saluent au quotidien en disant \u00ab\u00a0P\u00eeng-an\u00a0!\u00a0\u00bb.<br \/>\nPour ce faire, elles joignent leurs mains devant leur c\u0153ur, se regardent et s&#8217;inclinent l\u00e9g\u00e8rement,<br \/>\nen s&#8217;accordant un moment d&#8217;attention et d&#8217;affection.<br \/>\n\u00ab\u00a0P\u00eeng-an\u00a0!\u00a0\u00bb C&#8217;est une salutation de paix en mandarin chinois.<br \/>\nAu d\u00e9but de la liturgie de la Journ\u00e9e mondiale de pri\u00e8re de Ta\u00efwan, c&#8217;est traduit ainsi\u00a0:<br \/>\n\u00ab\u00a0Que Dieu vous accorde la paix\u00a0! Que la paix soit avec Dieu et parmi vous\u00a0!\u00a0\u00bb<\/p>\n<\/div><\/div><div class=\"g-cols wpb_row via_grid cols_custom laptops-cols_inherit tablets-cols_inherit mobiles-cols_1 valign_top type_default stacking_default\" style=\"--columns-gap:3rem;--custom-columns:1.2fr 2fr 2fr \"><div class=\"wpb_column vc_column_container\"><div class=\"vc_column-inner\"><div class=\"w-image align_none\"><div class=\"w-image-h\"><img decoding=\"async\" width=\"647\" height=\"1211\" src=\"https:\/\/wgt.ch\/wp-content\/uploads\/2022\/05\/Ping-an-fr.png\" class=\"attachment-full size-full\" alt=\"\" loading=\"lazy\" srcset=\"https:\/\/wgt.ch\/wp-content\/uploads\/2022\/05\/Ping-an-fr.png 647w, https:\/\/wgt.ch\/wp-content\/uploads\/2022\/05\/Ping-an-fr-160x300.png 160w, https:\/\/wgt.ch\/wp-content\/uploads\/2022\/05\/Ping-an-fr-547x1024.png 547w\" sizes=\"auto, (max-width: 647px) 100vw, 647px\" \/><\/div><\/div><\/div><\/div><div class=\"wpb_column vc_column_container\"><div class=\"vc_column-inner\"><div class=\"w-image align_none\"><div class=\"w-image-h\"><img decoding=\"async\" width=\"960\" height=\"966\" src=\"https:\/\/wgt.ch\/wp-content\/uploads\/2022\/05\/Ping-an-Gruss-1.jpg\" class=\"attachment-large size-large\" alt=\"\" loading=\"lazy\" srcset=\"https:\/\/wgt.ch\/wp-content\/uploads\/2022\/05\/Ping-an-Gruss-1.jpg 960w, https:\/\/wgt.ch\/wp-content\/uploads\/2022\/05\/Ping-an-Gruss-1-298x300.jpg 298w, https:\/\/wgt.ch\/wp-content\/uploads\/2022\/05\/Ping-an-Gruss-1-150x150.jpg 150w\" sizes=\"auto, (max-width: 960px) 100vw, 960px\" \/><\/div><\/div><\/div><\/div><div class=\"wpb_column vc_column_container\"><div class=\"vc_column-inner\"><div class=\"w-image align_none\"><div class=\"w-image-h\"><img decoding=\"async\" width=\"964\" height=\"961\" src=\"https:\/\/wgt.ch\/wp-content\/uploads\/2022\/05\/Ping-an-Gruss-2.jpg\" class=\"attachment-large size-large\" alt=\"\" loading=\"lazy\" srcset=\"https:\/\/wgt.ch\/wp-content\/uploads\/2022\/05\/Ping-an-Gruss-2.jpg 964w, https:\/\/wgt.ch\/wp-content\/uploads\/2022\/05\/Ping-an-Gruss-2-300x300.jpg 300w, https:\/\/wgt.ch\/wp-content\/uploads\/2022\/05\/Ping-an-Gruss-2-150x150.jpg 150w\" sizes=\"auto, (max-width: 964px) 100vw, 964px\" \/><\/div><\/div><\/div><\/div><\/div><div class=\"w-separator size_medium\"><\/div><div class=\"w-btn-wrapper align_none\"><a class=\"w-btn us-btn-style_2\" target=\" _blank\" rel=\"nofollow\" href=\"https:\/\/wgt.ch\/wp-content\/uploads\/2022\/10\/TaiwanFenetre-PingAn.pdf\"><span class=\"w-btn-label\">P\u00eeng-an! Version PDF<\/span><\/a><\/div><\/div><\/div><\/div><\/div><\/section>\n","protected":false},"excerpt":{"rendered":"{:de} \u5e73\u5b89\u00a0 \u00a0 \u00a0 P\u00eeng-an!\u00a0 \u00a0 \u00a0 Friede sei mit dir! Herzlich willkommen in der Weltgebetstagsrunde mit der Liturgie aus Taiwan! Auf der sch\u00f6nen Insel im Pazifik gr\u00fcssen sich viele Menschen im Alltag mit \u00abP\u00eeng-an!\u00bb. Dabei legen sie die H\u00e4nde vor dem Herzen aneinander, schauen sich an und verbeugen sich leicht, schenken einander einen Moment...","protected":false},"author":5,"featured_media":0,"parent":0,"menu_order":46,"comment_status":"closed","ping_status":"closed","template":"","meta":{"_acf_changed":false,"footnotes":""},"class_list":["post-21031","page","type-page","status-publish","hentry"],"translation":{"provider":"WPGlobus","version":"3.0.2","language":"fr","enabled_languages":["de","fr","it"],"languages":{"de":{"title":true,"content":true,"excerpt":false},"fr":{"title":false,"content":true,"excerpt":false},"it":{"title":false,"content":true,"excerpt":false}}},"acf":[],"_links":{"self":[{"href":"https:\/\/wgt.ch\/fr\/wp-json\/wp\/v2\/pages\/21031","targetHints":{"allow":["GET"]}}],"collection":[{"href":"https:\/\/wgt.ch\/fr\/wp-json\/wp\/v2\/pages"}],"about":[{"href":"https:\/\/wgt.ch\/fr\/wp-json\/wp\/v2\/types\/page"}],"author":[{"embeddable":true,"href":"https:\/\/wgt.ch\/fr\/wp-json\/wp\/v2\/users\/5"}],"replies":[{"embeddable":true,"href":"https:\/\/wgt.ch\/fr\/wp-json\/wp\/v2\/comments?post=21031"}],"version-history":[{"count":48,"href":"https:\/\/wgt.ch\/fr\/wp-json\/wp\/v2\/pages\/21031\/revisions"}],"predecessor-version":[{"id":22070,"href":"https:\/\/wgt.ch\/fr\/wp-json\/wp\/v2\/pages\/21031\/revisions\/22070"}],"wp:attachment":[{"href":"https:\/\/wgt.ch\/fr\/wp-json\/wp\/v2\/media?parent=21031"}],"curies":[{"name":"wp","href":"https:\/\/api.w.org\/{rel}","templated":true}]}}

Pîng-an!

<section class="l-section wpb_row height_small"><div class="l-section-h i-cf"><div class="g-cols vc_row via_grid cols_1 laptops-cols_inherit tablets-cols_inherit mobiles-cols_1 valign_top type_default stacking_default"><div class="wpb_column vc_column_container"><div class="vc_column-inner"><div class="wpb_text_column"><div class="wpb_wrapper"><h2>平安     Pîng-an !     Que la paix soit avec toi !</h2>
<p>Bienvenue à la Journée mondiale de prière autour de la liturgie de Taïwan !<br />
Sur cette belle île du Pacifique, de nombreuses personnes se saluent au quotidien en disant « Pîng-an ! ».<br />
Pour ce faire, elles joignent leurs mains devant leur cœur, se regardent et s&#8217;inclinent légèrement,<br />
en s&#8217;accordant un moment d&#8217;attention et d&#8217;affection.<br />
« Pîng-an ! » C&#8217;est une salutation de paix en mandarin chinois.<br />
Au début de la liturgie de la Journée mondiale de prière de Taïwan, c&#8217;est traduit ainsi :<br />
« Que Dieu vous accorde la paix ! Que la paix soit avec Dieu et parmi vous ! »</p>
</div></div><div class="g-cols wpb_row via_grid cols_custom laptops-cols_inherit tablets-cols_inherit mobiles-cols_1 valign_top type_default stacking_default" style="--columns-gap:3rem;--custom-columns:1.2fr 2fr 2fr "><div class="wpb_column vc_column_container"><div class="vc_column-inner"><div class="w-image align_none"><div class="w-image-h"><img decoding="async" width="647" height="1211" src="https://wgt.ch/wp-content/uploads/2022/05/Ping-an-fr.png" class="attachment-full size-full" alt="" loading="lazy" srcset="https://wgt.ch/wp-content/uploads/2022/05/Ping-an-fr.png 647w, https://wgt.ch/wp-content/uploads/2022/05/Ping-an-fr-160x300.png 160w, https://wgt.ch/wp-content/uploads/2022/05/Ping-an-fr-547x1024.png 547w" sizes="auto, (max-width: 647px) 100vw, 647px" /></div></div></div></div><div class="wpb_column vc_column_container"><div class="vc_column-inner"><div class="w-image align_none"><div class="w-image-h"><img decoding="async" width="960" height="966" src="https://wgt.ch/wp-content/uploads/2022/05/Ping-an-Gruss-1.jpg" class="attachment-large size-large" alt="" loading="lazy" srcset="https://wgt.ch/wp-content/uploads/2022/05/Ping-an-Gruss-1.jpg 960w, https://wgt.ch/wp-content/uploads/2022/05/Ping-an-Gruss-1-298x300.jpg 298w, https://wgt.ch/wp-content/uploads/2022/05/Ping-an-Gruss-1-150x150.jpg 150w" sizes="auto, (max-width: 960px) 100vw, 960px" /></div></div></div></div><div class="wpb_column vc_column_container"><div class="vc_column-inner"><div class="w-image align_none"><div class="w-image-h"><img decoding="async" width="964" height="961" src="https://wgt.ch/wp-content/uploads/2022/05/Ping-an-Gruss-2.jpg" class="attachment-large size-large" alt="" loading="lazy" srcset="https://wgt.ch/wp-content/uploads/2022/05/Ping-an-Gruss-2.jpg 964w, https://wgt.ch/wp-content/uploads/2022/05/Ping-an-Gruss-2-300x300.jpg 300w, https://wgt.ch/wp-content/uploads/2022/05/Ping-an-Gruss-2-150x150.jpg 150w" sizes="auto, (max-width: 964px) 100vw, 964px" /></div></div></div></div></div><div class="w-separator size_medium"></div><div class="w-btn-wrapper align_none"><a class="w-btn us-btn-style_2" target=" _blank" rel="nofollow" href="https://wgt.ch/wp-content/uploads/2022/10/TaiwanFenetre-PingAn.pdf"><span class="w-btn-label">Pîng-an! Version PDF</span></a></div></div></div></div></div></section>

{:de} 平安      Pîng-an!      Friede sei mit dir! Herzlich willkommen in der Weltgebetstagsrunde mit der Liturgie aus Taiwan! Auf der schönen Insel im Pazifik grüssen sich viele Menschen im Alltag mit «Pîng-an!». Dabei legen sie die Hände vor dem Herzen aneinander, schauen sich an und verbeugen sich leicht, schenken einander einen Moment...
