{"id":27470,"date":"2023-06-26T22:14:23","date_gmt":"2023-06-26T20:14:23","guid":{"rendered":"https:\/\/wgt.ch\/?page_id=27470"},"modified":"2024-07-03T10:18:56","modified_gmt":"2024-07-03T08:18:56","slug":"peace-ribbon","status":"publish","type":"page","link":"https:\/\/wgt.ch\/fr\/fenster-zu-palaestina-s\/peace-ribbon\/","title":{"rendered":"Peace Ribbon &#8211; Faire partie du lien de paix"},"content":{"rendered":"<section class=\"l-section wpb_row height_small\"><div class=\"l-section-h i-cf\"><div class=\"g-cols vc_row via_grid cols_1 laptops-cols_inherit tablets-cols_inherit mobiles-cols_1 valign_top type_default stacking_default\"><div class=\"wpb_column vc_column_container\"><div class=\"vc_column-inner\"><h2 class=\"w-post-elm post_title entry-title color_link_inherit\">Peace Ribbon &#8211; Faire partie du lien de paix<\/h2><\/div><\/div><\/div><\/div><\/section><section class=\"l-section wpb_row height_small\"><div class=\"l-section-h i-cf\"><div class=\"g-cols vc_row via_grid cols_2-1 laptops-cols_inherit tablets-cols_inherit mobiles-cols_1 valign_top type_default stacking_default\"><div class=\"wpb_column vc_column_container\"><div class=\"vc_column-inner\"><div class=\"wpb_text_column\"><div class=\"wpb_wrapper\"><p>Salaam &#8211; que la paix soit avec vous ! C\u2019est ainsi que nous nous saluerons lors de la c\u00e9l\u00e9bration de la Palestine, dont la liturgie est plac\u00e9e sous le th\u00e8me : <strong>\u00ab\u00a0<\/strong>&#8230; <strong>par le lien de la paix\u00a0\u00bb<\/strong>.<\/p>\n<p>L\u2019attaque nucl\u00e9aire au Japon, marque profond\u00e9ment l\u2019Am\u00e9ricaine Justine Merritt, qui en 1975 d\u00e9cide de s&#8217;engager en faveur de la paix et de la protection de toute forme de vie. Elle voulait proposer quelque chose de concret et de positif pour contrer l\u2019impuissance face aux multiples menaces qui p\u00e8sent sur notre plan\u00e8te. En 1982, au plus fort de la guerre froide, alors que trop d\u2019armes nucl\u00e9aires \u00e9taient en place, elle a lanc\u00e9 le projet <strong>\u00ab<\/strong>\u00a0<strong>The Ribbon<\/strong>\u00a0<strong>\u00bb<\/strong>. Elle r\u00eavait d\u2019un signe visible, d\u2019un ruban continu autour du Pentagone, qui serait illustr\u00e9 de messages et d\u2019\u0153uvres d\u2019art. Le ruban devait \u00eatre fait de bandes de tissu attach\u00e9es ensemble et montrer les espoirs et les pr\u00e9occupations des cr\u00e9atrices au sujet de la vie sur notre plan\u00e8te. Cette vision d\u2019une femme a inspir\u00e9 des dizaines de milliers de personnes de tous \u00e2ges, de toutes traditions religieuses et de tous les horizons \u00e0 cr\u00e9er leurs propres tableaux de tissu de 90\u00a0cm\u00a0x\u00a045\u00a0cm comme pi\u00e8ces du Peace Ribbon.<\/p>\n<p>Le ruban de la paix est li\u00e9 \u00e0 la Journ\u00e9e mondiale de pri\u00e8re depuis 1986, lorsqu\u2019\u00e0 l\u2019occasion de la c\u00e9l\u00e9bration du centenaire \u00e0 New York, les 157 participantes, venues de 79 pays de tous les continents, ont re\u00e7u en cadeau une image de paix en tissu du ruban am\u00e9ricain de 30 km de long.<\/p>\n<p>Nous souhaitons faire revivre ce signe symbolique d\u2019images de paix li\u00e9es entre elles : ce serait un v\u00e9ritable r\u00eave si nous pouvions couvrir le monde entier d\u2019un ruban de paix ! En tant que membres de ce r\u00e9seau \u0153cum\u00e9nique mondial qu\u2019est la Journ\u00e9e mondiale de pri\u00e8re, nous voulons continuer \u00e0 y croire et \u00e0 \u0153uvrer en ce sens.<\/p>\n<\/div><\/div><\/div><\/div><div class=\"wpb_column vc_column_container\"><div class=\"vc_column-inner\"><div class=\"w-image align_none\"><div class=\"w-image-h\"><img decoding=\"async\" width=\"1024\" height=\"1024\" src=\"https:\/\/wgt.ch\/wp-content\/uploads\/2023\/06\/Fenster-Peace-Ribbon-gold-1024x1024.jpg\" class=\"attachment-large size-large\" alt=\"\" loading=\"lazy\" srcset=\"https:\/\/wgt.ch\/wp-content\/uploads\/2023\/06\/Fenster-Peace-Ribbon-gold-1024x1024.jpg 1024w, https:\/\/wgt.ch\/wp-content\/uploads\/2023\/06\/Fenster-Peace-Ribbon-gold-300x300.jpg 300w, https:\/\/wgt.ch\/wp-content\/uploads\/2023\/06\/Fenster-Peace-Ribbon-gold-150x150.jpg 150w, https:\/\/wgt.ch\/wp-content\/uploads\/2023\/06\/Fenster-Peace-Ribbon-gold-1536x1536.jpg 1536w, https:\/\/wgt.ch\/wp-content\/uploads\/2023\/06\/Fenster-Peace-Ribbon-gold.jpg 2001w\" sizes=\"auto, (max-width: 1024px) 100vw, 1024px\" \/><\/div><\/div><\/div><\/div><\/div><\/div><\/section>\n","protected":false},"excerpt":{"rendered":"{:de}Peace Ribbon &#8211; Faire partie du lien de paixSalaam \u2013 der Friede sei mit euch! So werden wir uns in der Pal\u00e4stina-Feier begr\u00fcssen. Damit wird mit dem Thema der Liturgie \u00ab\u2026 durch das Band des Friedens\u00bb gestartet. Eine tiefgreifende Erfahrung nach dem Atomangriff in Japan bewegte 1975 die Amerikanerin Justine Merritt, sich f\u00fcr den Frieden...","protected":false},"author":5,"featured_media":0,"parent":27468,"menu_order":16,"comment_status":"closed","ping_status":"closed","template":"","meta":{"_acf_changed":false,"footnotes":""},"class_list":["post-27470","page","type-page","status-publish","hentry"],"translation":{"provider":"WPGlobus","version":"3.0.2","language":"fr","enabled_languages":["de","fr","it"],"languages":{"de":{"title":true,"content":true,"excerpt":false},"fr":{"title":true,"content":true,"excerpt":false},"it":{"title":true,"content":true,"excerpt":false}}},"acf":[],"_links":{"self":[{"href":"https:\/\/wgt.ch\/fr\/wp-json\/wp\/v2\/pages\/27470","targetHints":{"allow":["GET"]}}],"collection":[{"href":"https:\/\/wgt.ch\/fr\/wp-json\/wp\/v2\/pages"}],"about":[{"href":"https:\/\/wgt.ch\/fr\/wp-json\/wp\/v2\/types\/page"}],"author":[{"embeddable":true,"href":"https:\/\/wgt.ch\/fr\/wp-json\/wp\/v2\/users\/5"}],"replies":[{"embeddable":true,"href":"https:\/\/wgt.ch\/fr\/wp-json\/wp\/v2\/comments?post=27470"}],"version-history":[{"count":10,"href":"https:\/\/wgt.ch\/fr\/wp-json\/wp\/v2\/pages\/27470\/revisions"}],"predecessor-version":[{"id":34129,"href":"https:\/\/wgt.ch\/fr\/wp-json\/wp\/v2\/pages\/27470\/revisions\/34129"}],"up":[{"embeddable":true,"href":"https:\/\/wgt.ch\/fr\/wp-json\/wp\/v2\/pages\/27468"}],"wp:attachment":[{"href":"https:\/\/wgt.ch\/fr\/wp-json\/wp\/v2\/media?parent=27470"}],"curies":[{"name":"wp","href":"https:\/\/api.w.org\/{rel}","templated":true}]}}

<section class="l-section wpb_row height_small"><div class="l-section-h i-cf"><div class="g-cols vc_row via_grid cols_1 laptops-cols_inherit tablets-cols_inherit mobiles-cols_1 valign_top type_default stacking_default"><div class="wpb_column vc_column_container"><div class="vc_column-inner"><h2 class="w-post-elm post_title entry-title color_link_inherit">Peace Ribbon &#8211; Faire partie du lien de paix</h2></div></div></div></div></section><section class="l-section wpb_row height_small"><div class="l-section-h i-cf"><div class="g-cols vc_row via_grid cols_2-1 laptops-cols_inherit tablets-cols_inherit mobiles-cols_1 valign_top type_default stacking_default"><div class="wpb_column vc_column_container"><div class="vc_column-inner"><div class="wpb_text_column"><div class="wpb_wrapper"><p>Salaam &#8211; que la paix soit avec vous ! C’est ainsi que nous nous saluerons lors de la célébration de la Palestine, dont la liturgie est placée sous le thème : <strong>« </strong>&#8230; <strong>par le lien de la paix »</strong>.</p>
<p>L’attaque nucléaire au Japon, marque profondément l’Américaine Justine Merritt, qui en 1975 décide de s&#8217;engager en faveur de la paix et de la protection de toute forme de vie. Elle voulait proposer quelque chose de concret et de positif pour contrer l’impuissance face aux multiples menaces qui pèsent sur notre planète. En 1982, au plus fort de la guerre froide, alors que trop d’armes nucléaires étaient en place, elle a lancé le projet <strong>«</strong> <strong>The Ribbon</strong> <strong>»</strong>. Elle rêvait d’un signe visible, d’un ruban continu autour du Pentagone, qui serait illustré de messages et d’œuvres d’art. Le ruban devait être fait de bandes de tissu attachées ensemble et montrer les espoirs et les préoccupations des créatrices au sujet de la vie sur notre planète. Cette vision d’une femme a inspiré des dizaines de milliers de personnes de tous âges, de toutes traditions religieuses et de tous les horizons à créer leurs propres tableaux de tissu de 90 cm x 45 cm comme pièces du Peace Ribbon.</p>
<p>Le ruban de la paix est lié à la Journée mondiale de prière depuis 1986, lorsqu’à l’occasion de la célébration du centenaire à New York, les 157 participantes, venues de 79 pays de tous les continents, ont reçu en cadeau une image de paix en tissu du ruban américain de 30 km de long.</p>
<p>Nous souhaitons faire revivre ce signe symbolique d’images de paix liées entre elles : ce serait un véritable rêve si nous pouvions couvrir le monde entier d’un ruban de paix ! En tant que membres de ce réseau œcuménique mondial qu’est la Journée mondiale de prière, nous voulons continuer à y croire et à œuvrer en ce sens.</p>
</div></div></div></div><div class="wpb_column vc_column_container"><div class="vc_column-inner"><div class="w-image align_none"><div class="w-image-h"><img decoding="async" width="1024" height="1024" src="https://wgt.ch/wp-content/uploads/2023/06/Fenster-Peace-Ribbon-gold-1024x1024.jpg" class="attachment-large size-large" alt="" loading="lazy" srcset="https://wgt.ch/wp-content/uploads/2023/06/Fenster-Peace-Ribbon-gold-1024x1024.jpg 1024w, https://wgt.ch/wp-content/uploads/2023/06/Fenster-Peace-Ribbon-gold-300x300.jpg 300w, https://wgt.ch/wp-content/uploads/2023/06/Fenster-Peace-Ribbon-gold-150x150.jpg 150w, https://wgt.ch/wp-content/uploads/2023/06/Fenster-Peace-Ribbon-gold-1536x1536.jpg 1536w, https://wgt.ch/wp-content/uploads/2023/06/Fenster-Peace-Ribbon-gold.jpg 2001w" sizes="auto, (max-width: 1024px) 100vw, 1024px" /></div></div></div></div></div></div></section>

{:de}Peace Ribbon &#8211; Faire partie du lien de paixSalaam – der Friede sei mit euch! So werden wir uns in der Palästina-Feier begrüssen. Damit wird mit dem Thema der Liturgie «… durch das Band des Friedens» gestartet. Eine tiefgreifende Erfahrung nach dem Atomangriff in Japan bewegte 1975 die Amerikanerin Justine Merritt, sich für den Frieden...
