{"id":31580,"date":"2024-01-17T16:28:53","date_gmt":"2024-01-17T15:28:53","guid":{"rendered":"https:\/\/wgt.ch\/?p=31580"},"modified":"2024-07-02T10:14:45","modified_gmt":"2024-07-02T08:14:45","slug":"aktuelle-situation-besinnung-zum-advent-s","status":"publish","type":"page","link":"https:\/\/wgt.ch\/fr\/aktuelle-situation-besinnung-zum-advent-s\/","title":{"rendered":"Situation actuelle &#8211; M\u00e9ditation autour de l&#8217;Avent"},"content":{"rendered":"<section class=\"l-section wpb_row height_small\"><div class=\"l-section-h i-cf\"><div class=\"g-cols vc_row via_grid cols_1 laptops-cols_inherit tablets-cols_inherit mobiles-cols_1 valign_top type_default stacking_default\"><div class=\"wpb_column vc_column_container\"><div class=\"vc_column-inner\"><div class=\"wpb_text_column\"><div class=\"wpb_wrapper\"><p>Ch\u00e8res amies de la JMP,<br \/>\nNous toutes, vous et le Comit\u00e9 suisse, sommes engag\u00e9es dans les \u00e9tapes difficiles et exigeantes de pr\u00e9paration de la c\u00e9l\u00e9bration du 1er mars 2024. La situation au Proche-Orient continue de nous laisser sans voix. Malgr\u00e9 tout, nous prenons \u00e0 c\u0153ur l&#8217;objectif principal de la Journ\u00e9e mondiale de pri\u00e8re, bient\u00f4t centenaire, et agissons conform\u00e9ment au chant de la liturgie \u00ab\u00a0Accordez votre vie \u00e0 l\u2019appel qui vous est donn\u00e9\u00a0: soutenez-vous les uns les autres dans l\u2019amour et l\u2019unit\u00e9 \u00bb \u00ab\u00a0\u2026par le lien de la paix\u00a0\u00bb.<br \/>\nNous continuons \u00e0 soutenir l&#8217;objectif fondamental de la JMP : nous \u00e9coutons sans juger et sans prendre parti sur le plan politique. C&#8217;est une grande exigence depuis cent ans et un d\u00e9fi encore plus grand dans la situation actuelle.<br \/>\nCependant, nous entendons aussi parler de mouvements de paix encourageants du c\u00f4t\u00e9 isra\u00e9lien et palestinien et d&#8217;initiatives de paix communes qui se poursuivent m\u00eame maintenant. Nous devons plus que jamais prier avec le mouvement mondial de la Journ\u00e9e mondiale de pri\u00e8re et pour la paix pour toutes les personnes qui souffrent des guerres, donc aussi pour et avec nos s\u0153urs palestiniennes.<\/p>\n<p>La situation actuelle ne nous permet pas de donner d\u00e8s \u00e0 pr\u00e9sent des directives d\u00e9finitives pour le 1er mars. D&#8217;ici l\u00e0, beaucoup de choses peuvent encore changer. Le Comit\u00e9 autrichien de la JMP et notre Comit\u00e9 suisse avons d\u00e9cid\u00e9 de ne pas retirer la liturgie. Le Comit\u00e9 palestinien de la JMP a annonc\u00e9 des adaptations et des ajouts. Mais cela peut prendre du temps dans les circonstances actuelles de guerre. Nous vous les ferons parvenir d\u00e8s que possible, ainsi que d&#8217;autres explications de notre part.\u00a0 Nous vous recommandons \u00e9galement de consulter r\u00e9guli\u00e8rement notre page Internet.<\/p>\n<p>Nous vous remercions de votre compr\u00e9hension et de votre patience.<br \/>\nNous vous recommandons vivement de mettre en place la c\u00e9l\u00e9bration de telle sorte qu&#8217;il vous convienne et que vous puissiez l&#8217;assumer. Cela peut signifier que certains mots et passages de la liturgie seront supprim\u00e9s et que vous ferez pr\u00e9c\u00e9der votre c\u00e9l\u00e9bration d&#8217;une explication. Une chose est s\u00fbre : en restant solidaires en ces temps difficiles, nous sommes unies <strong>\u00ab\u00a0par le lien de la paix\u00a0\u00bb <\/strong>(p.20 de la liturgie).<\/p>\n<p>Nous vous souhaitons \u00e0 toutes et \u00e0 tous des d\u00e9cisions sages et b\u00e9nies.<br \/>\nLa m\u00e9ditation en annexe nous permettra de nous mettre dans l&#8217;ambiance de l&#8217;Avent.<br \/>\nSalaam, shalom, que la paix soit avec nous tous !<\/p>\n<p>Au nom du Comit\u00e9 suisse de la JMP<\/p>\n<p>Vroni Peterhans, Pr\u00e9sidente<\/p>\n<\/div><\/div><div class=\"w-separator size_medium\"><\/div><div class=\"wpb_text_column\"><div class=\"wpb_wrapper\"><h4>M\u00e9ditation autour de l&#8217;Avent : \u00ab &#8230; par le lien de la paix \u00bb<\/h4>\n<\/div><\/div><div class=\"w-separator size_small\"><\/div><div class=\"g-cols wpb_row via_grid cols_1-2 laptops-cols_inherit tablets-cols_inherit mobiles-cols_1 valign_top type_default stacking_default\" style=\"--columns-gap:3rem;\"><div class=\"wpb_column vc_column_container\"><div class=\"vc_column-inner\"><div class=\"w-separator size_small\"><\/div><div class=\"w-image align_none\"><div class=\"w-image-h\"><img decoding=\"async\" width=\"795\" height=\"461\" src=\"https:\/\/wgt.ch\/wp-content\/uploads\/2023\/11\/Bild1-Peace-ribbon.jpg\" class=\"attachment-large size-large\" alt=\"\" loading=\"lazy\" srcset=\"https:\/\/wgt.ch\/wp-content\/uploads\/2023\/11\/Bild1-Peace-ribbon.jpg 795w, https:\/\/wgt.ch\/wp-content\/uploads\/2023\/11\/Bild1-Peace-ribbon-300x174.jpg 300w\" sizes=\"auto, (max-width: 795px) 100vw, 795px\" \/><\/div><\/div><div class=\"w-separator size_small\"><\/div><div class=\"w-image align_none\"><div class=\"w-image-h\"><img decoding=\"async\" width=\"792\" height=\"414\" src=\"https:\/\/wgt.ch\/wp-content\/uploads\/2023\/11\/Bild2-Peace-ribbon.jpg\" class=\"attachment-large size-large\" alt=\"\" loading=\"lazy\" srcset=\"https:\/\/wgt.ch\/wp-content\/uploads\/2023\/11\/Bild2-Peace-ribbon.jpg 792w, https:\/\/wgt.ch\/wp-content\/uploads\/2023\/11\/Bild2-Peace-ribbon-300x157.jpg 300w\" sizes=\"auto, (max-width: 792px) 100vw, 792px\" \/><\/div><\/div><div class=\"w-separator size_small\"><\/div><div class=\"w-image align_none\"><div class=\"w-image-h\"><img decoding=\"async\" width=\"797\" height=\"425\" src=\"https:\/\/wgt.ch\/wp-content\/uploads\/2023\/11\/Bild3-Peace-ribbon.jpg\" class=\"attachment-large size-large\" alt=\"\" loading=\"lazy\" srcset=\"https:\/\/wgt.ch\/wp-content\/uploads\/2023\/11\/Bild3-Peace-ribbon.jpg 797w, https:\/\/wgt.ch\/wp-content\/uploads\/2023\/11\/Bild3-Peace-ribbon-300x160.jpg 300w\" sizes=\"auto, (max-width: 797px) 100vw, 797px\" \/><\/div><\/div><div class=\"w-separator size_small\"><\/div><\/div><\/div><div class=\"wpb_column vc_column_container\"><div class=\"vc_column-inner\"><div class=\"wpb_text_column\"><div class=\"wpb_wrapper\"><p>En partant du th\u00e8me de la Journ\u00e9e mondiale de pri\u00e8re du 1er mars 2024, nous aimerions nous pr\u00e9parer \u00e0 l&#8217;Avent.<br \/>\nChaque Avent est l\u2019occasion d\u2019un nouveau d\u00e9part, le d\u00e9but de l&#8217;ann\u00e9e liturgique. C&#8217;est ainsi que nous pla\u00e7ons le titre de la liturgie, tir\u00e9 de la lettre aux Eph\u00e9siens, au-dessus du commencement <strong>\u00ab \u2026par le lien de la paix \u00bb<\/strong>.<br \/>\nMais l&#8217;Avent est aussi une p\u00e9riode de cr\u00e9ativit\u00e9, que ce soit pour les biscuits ou pour la confection de cadeaux et de cartes. Pourquoi ne pas fabriquer une nouvelle pi\u00e8ce pour le Ruban de la Paix, comme sur la photo ? Pendant la r\u00e9alisation, nous pouvons envoyer des intentions de paix aux endroits o\u00f9 elles sont le plus n\u00e9cessaires. Et ces endroits sont nombreux sur notre plan\u00e8te. Mais pour ne pas d\u00e9sesp\u00e9rer ou nous figer dans cette prise de conscience, nous pouvons faire revivre la bonne coutume du ruban de paix. Vous trouverez davantage d&#8217;informations relatives au contexte et \u00e0 son rassemblement (ou \u00e0 son lien) avec la JMP dans le cahier \u00ab Infos et id\u00e9es \u00bb ainsi que sur notre site Internet (cliquer sur <a href=\"https:\/\/wgt.ch\/fr\/fenster-zu-palaestina\/\"><strong>\u00ab Fen\u00eatre sur la Palestine \u00bb<\/strong><\/a>).<br \/>\nCes rubans de la paix pourront \u00eatre utilis\u00e9s lors de la Journ\u00e9e mondiale catholique de la paix le 1er janvier 2024, lors de la c\u00e9l\u00e9bration de la Journ\u00e9e mondiale de pri\u00e8re le 1er mars ou lors de notre participation au Silence pour la paix \u00e0 Lucerne le jeudi 25 avril.<\/p>\n<p>L&#8217;Avent est \u00e9galement une p\u00e9riode d&#8217;attente, de bonne esp\u00e9rance. Nous esp\u00e9rons ainsi faire des pas vers la paix, tout comme le chant : <strong>\u266b \u00ab Yarabba ssalami &#8211; Dieu de paix et de justice, envoie-nous ta paix, Dieu de paix et de justice, comble nos coeurs de ta paix \u00bb<\/strong>.<\/p>\n<p>Nous vous souhaitons \u00e0 toutes et \u00e0 tous de passer un Avent<br \/>\nriche en b\u00e9n\u00e9dictions, rempli de pens\u00e9es et de moments de paix !<\/p>\n<p>Au nom du comit\u00e9 de la JMP<br \/>\nVroni Peterhans, Pr\u00e9sidente<\/p>\n<\/div><\/div><div class=\"wpb_text_column\"><div class=\"wpb_wrapper\"><p><a href=\"https:\/\/wgt.ch\/wp-content\/uploads\/2023\/11\/Meditation-de-lAvent-le-lien-de-la-paix.pdf\" target=\"_blank\" rel=\"noopener\"><strong>M\u00e9ditation autour de l&#8217;Avent par le lien de la paix.pdf<\/strong><\/a><\/p>\n<\/div><\/div><\/div><\/div><\/div><\/div><\/div><\/div><\/div><\/section>\n","protected":false},"excerpt":{"rendered":"{:de}Situation actuelle &#8211; M\u00e9ditation autour de l&#8217;AventLiebe WGT-Interessierte, wir alle, ihr und das schweizerische Komitee, sind an den schwierigen und herausfordernden Vorbereitungsarbeiten f\u00fcr die Feier am 1.\u00a0M\u00e4rz 2024. Die Lage im Nahen Osten macht uns weiterhin sprachlos. Trotzdem wollen wir das Kernanliegen des bald hundertj\u00e4hrigen weltweiten Weltgebetstages ernst nehmen und gem\u00e4ss einem Lied aus der...","protected":false},"author":5,"featured_media":0,"parent":0,"menu_order":22,"comment_status":"closed","ping_status":"closed","template":"","meta":{"_acf_changed":false,"footnotes":""},"class_list":["post-31580","page","type-page","status-publish","hentry"],"translation":{"provider":"WPGlobus","version":"3.0.2","language":"fr","enabled_languages":["de","fr","it"],"languages":{"de":{"title":true,"content":true,"excerpt":false},"fr":{"title":true,"content":true,"excerpt":false},"it":{"title":true,"content":true,"excerpt":false}}},"acf":[],"_links":{"self":[{"href":"https:\/\/wgt.ch\/fr\/wp-json\/wp\/v2\/pages\/31580","targetHints":{"allow":["GET"]}}],"collection":[{"href":"https:\/\/wgt.ch\/fr\/wp-json\/wp\/v2\/pages"}],"about":[{"href":"https:\/\/wgt.ch\/fr\/wp-json\/wp\/v2\/types\/page"}],"author":[{"embeddable":true,"href":"https:\/\/wgt.ch\/fr\/wp-json\/wp\/v2\/users\/5"}],"replies":[{"embeddable":true,"href":"https:\/\/wgt.ch\/fr\/wp-json\/wp\/v2\/comments?post=31580"}],"version-history":[{"count":3,"href":"https:\/\/wgt.ch\/fr\/wp-json\/wp\/v2\/pages\/31580\/revisions"}],"predecessor-version":[{"id":34072,"href":"https:\/\/wgt.ch\/fr\/wp-json\/wp\/v2\/pages\/31580\/revisions\/34072"}],"wp:attachment":[{"href":"https:\/\/wgt.ch\/fr\/wp-json\/wp\/v2\/media?parent=31580"}],"curies":[{"name":"wp","href":"https:\/\/api.w.org\/{rel}","templated":true}]}}

Situation actuelle &#8211; Méditation autour de l&#8217;Avent

<section class="l-section wpb_row height_small"><div class="l-section-h i-cf"><div class="g-cols vc_row via_grid cols_1 laptops-cols_inherit tablets-cols_inherit mobiles-cols_1 valign_top type_default stacking_default"><div class="wpb_column vc_column_container"><div class="vc_column-inner"><div class="wpb_text_column"><div class="wpb_wrapper"><p>Chères amies de la JMP,<br />
Nous toutes, vous et le Comité suisse, sommes engagées dans les étapes difficiles et exigeantes de préparation de la célébration du 1er mars 2024. La situation au Proche-Orient continue de nous laisser sans voix. Malgré tout, nous prenons à cœur l&#8217;objectif principal de la Journée mondiale de prière, bientôt centenaire, et agissons conformément au chant de la liturgie « Accordez votre vie à l’appel qui vous est donné : soutenez-vous les uns les autres dans l’amour et l’unité » « …par le lien de la paix ».<br />
Nous continuons à soutenir l&#8217;objectif fondamental de la JMP : nous écoutons sans juger et sans prendre parti sur le plan politique. C&#8217;est une grande exigence depuis cent ans et un défi encore plus grand dans la situation actuelle.<br />
Cependant, nous entendons aussi parler de mouvements de paix encourageants du côté israélien et palestinien et d&#8217;initiatives de paix communes qui se poursuivent même maintenant. Nous devons plus que jamais prier avec le mouvement mondial de la Journée mondiale de prière et pour la paix pour toutes les personnes qui souffrent des guerres, donc aussi pour et avec nos sœurs palestiniennes.</p>
<p>La situation actuelle ne nous permet pas de donner dès à présent des directives définitives pour le 1er mars. D&#8217;ici là, beaucoup de choses peuvent encore changer. Le Comité autrichien de la JMP et notre Comité suisse avons décidé de ne pas retirer la liturgie. Le Comité palestinien de la JMP a annoncé des adaptations et des ajouts. Mais cela peut prendre du temps dans les circonstances actuelles de guerre. Nous vous les ferons parvenir dès que possible, ainsi que d&#8217;autres explications de notre part.  Nous vous recommandons également de consulter régulièrement notre page Internet.</p>
<p>Nous vous remercions de votre compréhension et de votre patience.<br />
Nous vous recommandons vivement de mettre en place la célébration de telle sorte qu&#8217;il vous convienne et que vous puissiez l&#8217;assumer. Cela peut signifier que certains mots et passages de la liturgie seront supprimés et que vous ferez précéder votre célébration d&#8217;une explication. Une chose est sûre : en restant solidaires en ces temps difficiles, nous sommes unies <strong>« par le lien de la paix » </strong>(p.20 de la liturgie).</p>
<p>Nous vous souhaitons à toutes et à tous des décisions sages et bénies.<br />
La méditation en annexe nous permettra de nous mettre dans l&#8217;ambiance de l&#8217;Avent.<br />
Salaam, shalom, que la paix soit avec nous tous !</p>
<p>Au nom du Comité suisse de la JMP</p>
<p>Vroni Peterhans, Présidente</p>
</div></div><div class="w-separator size_medium"></div><div class="wpb_text_column"><div class="wpb_wrapper"><h4>Méditation autour de l&#8217;Avent : « &#8230; par le lien de la paix »</h4>
</div></div><div class="w-separator size_small"></div><div class="g-cols wpb_row via_grid cols_1-2 laptops-cols_inherit tablets-cols_inherit mobiles-cols_1 valign_top type_default stacking_default" style="--columns-gap:3rem;"><div class="wpb_column vc_column_container"><div class="vc_column-inner"><div class="w-separator size_small"></div><div class="w-image align_none"><div class="w-image-h"><img decoding="async" width="795" height="461" src="https://wgt.ch/wp-content/uploads/2023/11/Bild1-Peace-ribbon.jpg" class="attachment-large size-large" alt="" loading="lazy" srcset="https://wgt.ch/wp-content/uploads/2023/11/Bild1-Peace-ribbon.jpg 795w, https://wgt.ch/wp-content/uploads/2023/11/Bild1-Peace-ribbon-300x174.jpg 300w" sizes="auto, (max-width: 795px) 100vw, 795px" /></div></div><div class="w-separator size_small"></div><div class="w-image align_none"><div class="w-image-h"><img decoding="async" width="792" height="414" src="https://wgt.ch/wp-content/uploads/2023/11/Bild2-Peace-ribbon.jpg" class="attachment-large size-large" alt="" loading="lazy" srcset="https://wgt.ch/wp-content/uploads/2023/11/Bild2-Peace-ribbon.jpg 792w, https://wgt.ch/wp-content/uploads/2023/11/Bild2-Peace-ribbon-300x157.jpg 300w" sizes="auto, (max-width: 792px) 100vw, 792px" /></div></div><div class="w-separator size_small"></div><div class="w-image align_none"><div class="w-image-h"><img decoding="async" width="797" height="425" src="https://wgt.ch/wp-content/uploads/2023/11/Bild3-Peace-ribbon.jpg" class="attachment-large size-large" alt="" loading="lazy" srcset="https://wgt.ch/wp-content/uploads/2023/11/Bild3-Peace-ribbon.jpg 797w, https://wgt.ch/wp-content/uploads/2023/11/Bild3-Peace-ribbon-300x160.jpg 300w" sizes="auto, (max-width: 797px) 100vw, 797px" /></div></div><div class="w-separator size_small"></div></div></div><div class="wpb_column vc_column_container"><div class="vc_column-inner"><div class="wpb_text_column"><div class="wpb_wrapper"><p>En partant du thème de la Journée mondiale de prière du 1er mars 2024, nous aimerions nous préparer à l&#8217;Avent.<br />
Chaque Avent est l’occasion d’un nouveau départ, le début de l&#8217;année liturgique. C&#8217;est ainsi que nous plaçons le titre de la liturgie, tiré de la lettre aux Ephésiens, au-dessus du commencement <strong>« …par le lien de la paix »</strong>.<br />
Mais l&#8217;Avent est aussi une période de créativité, que ce soit pour les biscuits ou pour la confection de cadeaux et de cartes. Pourquoi ne pas fabriquer une nouvelle pièce pour le Ruban de la Paix, comme sur la photo ? Pendant la réalisation, nous pouvons envoyer des intentions de paix aux endroits où elles sont le plus nécessaires. Et ces endroits sont nombreux sur notre planète. Mais pour ne pas désespérer ou nous figer dans cette prise de conscience, nous pouvons faire revivre la bonne coutume du ruban de paix. Vous trouverez davantage d&#8217;informations relatives au contexte et à son rassemblement (ou à son lien) avec la JMP dans le cahier « Infos et idées » ainsi que sur notre site Internet (cliquer sur <a href="https://wgt.ch/fr/fenster-zu-palaestina/"><strong>« Fenêtre sur la Palestine »</strong></a>).<br />
Ces rubans de la paix pourront être utilisés lors de la Journée mondiale catholique de la paix le 1er janvier 2024, lors de la célébration de la Journée mondiale de prière le 1er mars ou lors de notre participation au Silence pour la paix à Lucerne le jeudi 25 avril.</p>
<p>L&#8217;Avent est également une période d&#8217;attente, de bonne espérance. Nous espérons ainsi faire des pas vers la paix, tout comme le chant : <strong>♫ « Yarabba ssalami &#8211; Dieu de paix et de justice, envoie-nous ta paix, Dieu de paix et de justice, comble nos coeurs de ta paix »</strong>.</p>
<p>Nous vous souhaitons à toutes et à tous de passer un Avent<br />
riche en bénédictions, rempli de pensées et de moments de paix !</p>
<p>Au nom du comité de la JMP<br />
Vroni Peterhans, Présidente</p>
</div></div><div class="wpb_text_column"><div class="wpb_wrapper"><p><a href="https://wgt.ch/wp-content/uploads/2023/11/Meditation-de-lAvent-le-lien-de-la-paix.pdf" target="_blank" rel="noopener"><strong>Méditation autour de l&#8217;Avent par le lien de la paix.pdf</strong></a></p>
</div></div></div></div></div></div></div></div></div></section>

{:de}Situation actuelle &#8211; Méditation autour de l&#8217;AventLiebe WGT-Interessierte, wir alle, ihr und das schweizerische Komitee, sind an den schwierigen und herausfordernden Vorbereitungsarbeiten für die Feier am 1. März 2024. Die Lage im Nahen Osten macht uns weiterhin sprachlos. Trotzdem wollen wir das Kernanliegen des bald hundertjährigen weltweiten Weltgebetstages ernst nehmen und gemäss einem Lied aus der...
