{"id":39626,"date":"2025-06-03T22:36:44","date_gmt":"2025-06-03T20:36:44","guid":{"rendered":"https:\/\/wgt.ch\/?post_type=feiern&#038;p=39626"},"modified":"2026-04-28T17:45:32","modified_gmt":"2026-04-28T15:45:32","slug":"2026-nigeria-2","status":"publish","type":"page","link":"https:\/\/wgt.ch\/it\/2026-nigeria-2\/","title":{"rendered":"2026 Nigeria"},"content":{"rendered":"<section class=\"l-section wpb_row height_small width_full with_img\"><div class=\"l-section-img\" role=\"img\" aria-label=\"Image\" data-img-width=\"1896\" data-img-height=\"590\" style=\"background-image: url(https:\/\/wgt.ch\/wp-content\/uploads\/2025\/05\/6-Artwork-2026-Rest-for-the-Weary-by-Gift-Amarachi-Ottah-grAusschnitt-e1746456230915.jpg);\"><\/div><div class=\"l-section-h i-cf\"><div class=\"g-cols vc_row via_grid cols_1 laptops-cols_inherit tablets-cols_inherit mobiles-cols_1 valign_top type_default stacking_default\"><div class=\"wpb_column vc_column_container\"><div class=\"vc_column-inner\"><div class=\"w-separator size_custom\" style=\"height:20vh\"><\/div><\/div><\/div><\/div><\/div><\/section><section class=\"l-section wpb_row height_small\"><div class=\"l-section-h i-cf\"><div class=\"g-cols vc_row via_grid cols_1 laptops-cols_inherit tablets-cols_inherit mobiles-cols_1 valign_top type_default stacking_default\"><div class=\"wpb_column vc_column_container\"><div class=\"vc_column-inner\"><h1 class=\"w-post-elm post_title entry-title color_link_inherit\">2026 Nigeria<\/h1><\/div><\/div><\/div><\/div><\/section><section class=\"l-section wpb_row height_small\"><div class=\"l-section-h i-cf\"><div class=\"g-cols vc_row via_grid cols_1 laptops-cols_inherit tablets-cols_inherit mobiles-cols_1 valign_top type_default stacking_default\"><div class=\"wpb_column vc_column_container\"><div class=\"vc_column-inner\"><div class=\"wpb_text_column\"><div class=\"wpb_wrapper\"><h3><strong>Voglio darvi ristoro, venite!<\/strong><\/h3>\n<\/div><\/div><\/div><\/div><\/div><\/div><\/section><section class=\"l-section wpb_row height_small\"><div class=\"l-section-h i-cf\"><div class=\"g-cols vc_row via_grid cols_1 laptops-cols_inherit tablets-cols_inherit mobiles-cols_1 valign_top type_default stacking_default\"><div class=\"wpb_column vc_column_container\"><div class=\"vc_column-inner\"><div class=\"g-cols wpb_row via_grid cols_2-1 laptops-cols_inherit tablets-cols_inherit mobiles-cols_1 valign_top type_default stacking_default\" style=\"--columns-gap:3rem;\"><div class=\"wpb_column vc_column_container\"><div class=\"vc_column-inner\"><div class=\"wpb_text_column\"><div class=\"wpb_wrapper\"><p>La Nigeria si trova sulla costa occidentale dell\u2019Africa e si estende su una superficie di<br \/>\n923.768 km\u00b2 (Svizzera: ca. 41.000 km\u00b2). Con circa 230 milioni di abitanti (2024) la Nigeria \u00e8 il Paese pi\u00f9 popoloso dell\u2019Africa.<br \/>\nI tre maggiori gruppi etnici in Nigeria sono gli <em>Hausa-Fulani<\/em> a nord, gli <em>Yoruba<\/em> a sud-ovest e gli <em>Igbo<\/em> a sud-est. Oltre a questi esistono pi\u00f9 di 250 comunit\u00e0 etniche e oltre 500 lingue indigene.<br \/>\nLe religioni tradizionali africane comprendono una moltitudine di credenze e riti diversi. Il cristianesimo \u00e8 stato introdotto durante il periodo coloniale dai missionari europei. Nel nord della Nigeria \u00e8 diffuso soprattutto l\u2019islam.<\/p>\n<p>La diversit\u00e0 culturale della Nigeria trova espressione nei tessuti dai colori variopinti, dove ogni motivo racconta una storia del patrimonio tradizionale. Sin dall\u2019epoca precristiana la cultura locale tramanda storie orali, musica, danza e teatro, dai tempi moderni dispone pure di una importante industria cinematografica. Con l\u2019assegnazione di diversi premi internazionali, la letteratura nigeriana \u00e8 balzata all\u2019attenzione a livello mondiale.<\/p>\n<p>A riguardo della storia travagliata della Nigeria, dopo la sua indipendenza dal dominio coloniale britannico (1960), molte persone ricorderanno ancora la guerra del Biafra (1967-1970) e gli atti terroristici del gruppo islamista <em>Boko Haram<\/em>.<\/p>\n<p>In Nigeria, tanti diritti delle donne non sono ancora realizzati appieno sebbene vi siano donne che occupano importanti posizioni politiche, scientifiche e culturali.<br \/>\nDonne provenienti da contesti geografici e sociali diversi parlano di questo nella liturgia attuale.<br \/>\nSotto il titolo \u00abVoglio darvi ristoro, venite!\u00bb \u2013 una versione breve delle note parole bibliche di Ges\u00f9 \u00abVenite a me, voi tutti che siete affaticati e oppressi e io vi dar\u00f2 riposo\u00bb (Mt\u00a011,28) \u2013 esse descrivono i pesanti fardelli quotidiani e come, nella fede, trovino \u00abriposo per l\u2019anima\u00bb.<br \/>\n<em>Gift Amarachi Ottare <\/em>ha realizzato l\u2019impressionante\u00a0 immagine di copertina dal titolo \u00abRiposo per le donne affaticate\u00bb.<\/p>\n<\/div><\/div><div class=\"w-separator size_small\"><\/div><\/div><\/div><div class=\"wpb_column vc_column_container\"><div class=\"vc_column-inner\"><div class=\"w-image align_center\"><a ref=\"magnificPopup\" href=\"https:\/\/wgt.ch\/wp-content\/uploads\/2025\/05\/6-Artwork-2026-Rest-for-the-Weary-by-Gift-Amarachi-Ottah-2.9MB.jpg\" aria-label=\"Titelbild 2026 Nigeria\" class=\"w-image-h\"><img decoding=\"async\" src=\"https:\/\/wgt.ch\/wp-content\/uploads\/2025\/05\/6-Artwork-2026-Rest-for-the-Weary-by-Gift-Amarachi-Ottah-2.9MB.jpg\" class=\"attachment-full size-full\" alt=\"\" loading=\"lazy\" \/><\/a><\/div><div class=\"w-separator size_custom\" style=\"height:15px\"><\/div><div class=\"wpb_text_column\"><div class=\"wpb_wrapper\"><p style=\"text-align: center;\"><span>Il frontespizio<\/span>\u00a02026 Nigeria <span data-olk-copy-source=\"MessageBody\">\u00a9 WDPIC<br \/>\n\u00abRiposo per le donne affaticate\u00bb,<br \/>\ndi Gift Amarachi Ottah<br \/>\n<\/span><\/p>\n<\/div><\/div><div class=\"w-separator size_small\"><\/div><div class=\"w-image align_center\"><a ref=\"magnificPopup\" href=\"https:\/\/wgt.ch\/wp-content\/uploads\/2022\/11\/WGT-CH-Logo-transparent-352-px.png\" aria-label=\"WGT CH Logo transparent 352 px\" class=\"w-image-h\"><img decoding=\"async\" width=\"150\" height=\"150\" src=\"https:\/\/wgt.ch\/wp-content\/uploads\/2022\/11\/WGT-CH-Logo-transparent-352-px-150x150.png\" class=\"attachment-thumbnail size-thumbnail\" alt=\"{:de}WGT-CH Logo transparent 352 px{:}{:fr}JMP-CH Logo transparent 352 px{:}{:it}GMP-CH Logo trasparente 352 px{:}\" loading=\"lazy\" srcset=\"https:\/\/wgt.ch\/wp-content\/uploads\/2022\/11\/WGT-CH-Logo-transparent-352-px-150x150.png 150w, https:\/\/wgt.ch\/wp-content\/uploads\/2022\/11\/WGT-CH-Logo-transparent-352-px-300x300.png 300w, https:\/\/wgt.ch\/wp-content\/uploads\/2022\/11\/WGT-CH-Logo-transparent-352-px.png 352w\" sizes=\"auto, (max-width: 150px) 100vw, 150px\" \/><\/a><\/div><div class=\"w-separator size_custom\" style=\"height:15px\"><\/div><div class=\"wpb_text_column\"><div class=\"wpb_wrapper\"><p style=\"text-align: center;\"><span>Logo GMP-CH dal 2022<\/span><br \/>\n<span>clicca per scaricare<\/span><\/p>\n<\/div><\/div><div class=\"w-separator size_small\"><\/div><\/div><\/div><\/div><div class=\"g-cols wpb_row via_grid cols_3 laptops-cols_inherit tablets-cols_inherit mobiles-cols_1 valign_top type_default stacking_default\" style=\"--columns-gap:3rem;\"><div class=\"wpb_column vc_column_container\"><div class=\"vc_column-inner\"><div class=\"w-image align_none\"><a title=\"Finestre sulla Nigeria\" href=\"https:\/\/wgt.ch\/it\/2026-nigeria-2\/fenster-zu-nigeria\/\" aria-label=\"Finestra sulla Nigeria\" class=\"w-image-h\"><img decoding=\"async\" width=\"1024\" height=\"1024\" src=\"https:\/\/wgt.ch\/wp-content\/uploads\/2025\/06\/Finestra-sulla-Nigeria-1024x1024.jpg\" class=\"attachment-large size-large\" alt=\"\" loading=\"lazy\" srcset=\"https:\/\/wgt.ch\/wp-content\/uploads\/2025\/06\/Finestra-sulla-Nigeria-1024x1024.jpg 1024w, https:\/\/wgt.ch\/wp-content\/uploads\/2025\/06\/Finestra-sulla-Nigeria-300x300.jpg 300w, https:\/\/wgt.ch\/wp-content\/uploads\/2025\/06\/Finestra-sulla-Nigeria-150x150.jpg 150w, https:\/\/wgt.ch\/wp-content\/uploads\/2025\/06\/Finestra-sulla-Nigeria.jpg 2000w\" sizes=\"auto, (max-width: 1024px) 100vw, 1024px\" \/><\/a><\/div><\/div><\/div><div class=\"wpb_column vc_column_container\"><div class=\"vc_column-inner\"><div class=\"w-btn-wrapper align_center\"><a class=\"w-btn us-btn-style_2 us_custom_df8388f1 has_text_color\" href=\"https:\/\/wgt.ch\/it\/ueber-uns\/termine\/\"><span class=\"w-btn-label\">Date degli eventi e degli incontri di preparazione<\/span><\/a><\/div><div class=\"w-btn-wrapper align_center\"><a class=\"w-btn us-btn-style_2 us_custom_df8388f1 has_text_color\" href=\"https:\/\/wgt.ch\/it\/2026-nigeria-2\/rueckblick-2026-nigeria\/\"><span class=\"w-btn-label\">Retrospettiva sulle celebrazioni 2026 Nigeria<\/span><\/a><\/div><\/div><\/div><div class=\"wpb_column vc_column_container\"><div class=\"vc_column-inner\"><div class=\"w-btn-wrapper align_left\"><a class=\"w-btn us-btn-style_2 us_custom_df8388f1 has_text_color\" href=\"https:\/\/wgt.ch\/it\/2026-nigeria-2\/downloads-2026-nigeria\/\"><span class=\"w-btn-label\">Downloads 2026 Nigeria<\/span><\/a><\/div><\/div><\/div><\/div><div class=\"w-separator size_medium\"><\/div><div class=\"g-cols wpb_row via_grid cols_1 laptops-cols_inherit tablets-cols_inherit mobiles-cols_1 valign_top type_default stacking_default\" style=\"--columns-gap:3rem;\"><div class=\"wpb_column vc_column_container\"><div class=\"vc_column-inner\"><div class=\"w-map provider_google\" id=\"us_map_1\"><div class=\"w-map-inner\"><div class=\"w-map-json\" onclick='return {&quot;address&quot;:&quot;Nigeria&quot;,&quot;disableDragging&quot;:0,&quot;disableZoom&quot;:0,&quot;hideControls&quot;:0,&quot;zoom&quot;:4,&quot;markers&quot;:[{&quot;address&quot;:&quot;Nigeria&quot;,&quot;html&quot;:&quot;&lt;h6&gt;Nigeria&lt;\\\/h6&gt;&quot;,&quot;infowindow&quot;:&quot;1&quot;}],&quot;maptype&quot;:&quot;TERRAIN&quot;}'><\/div><\/div><\/div><div class=\"w-separator size_medium\"><\/div><\/div><\/div><\/div><\/div><\/div><\/div><\/div><\/section>\n","protected":false},"excerpt":{"rendered":"{:de}2026 NigeriaIch will euch st\u00e4rken, kommt! Nigeria liegt an der Westk\u00fcste Afrikas und erstreckt sich \u00fcber eine Fl\u00e4che von 923&#8217;768 km\u00b2 (Schweiz: ca. 41&#8217;000 km\u00b2). Mit einer Bev\u00f6lkerung von ca. 230\u00a0Millionen Menschen (2024) ist Nigeria das bev\u00f6lkerungsreichste Land Afrikas. Die drei gr\u00f6ssten ethnischen Gruppen in Nigeria sind die Hausa-Fulani im Norden, die Yoruba im S\u00fcdwesten...","protected":false},"author":5,"featured_media":39516,"parent":0,"menu_order":0,"comment_status":"closed","ping_status":"closed","template":"","meta":{"_acf_changed":false,"footnotes":""},"class_list":["post-39626","page","type-page","status-publish","has-post-thumbnail","hentry"],"translation":{"provider":"WPGlobus","version":"3.0.2","language":"it","enabled_languages":["de","fr","it"],"languages":{"de":{"title":true,"content":true,"excerpt":false},"fr":{"title":true,"content":true,"excerpt":false},"it":{"title":true,"content":true,"excerpt":false}}},"acf":[],"_links":{"self":[{"href":"https:\/\/wgt.ch\/it\/wp-json\/wp\/v2\/pages\/39626","targetHints":{"allow":["GET"]}}],"collection":[{"href":"https:\/\/wgt.ch\/it\/wp-json\/wp\/v2\/pages"}],"about":[{"href":"https:\/\/wgt.ch\/it\/wp-json\/wp\/v2\/types\/page"}],"author":[{"embeddable":true,"href":"https:\/\/wgt.ch\/it\/wp-json\/wp\/v2\/users\/5"}],"replies":[{"embeddable":true,"href":"https:\/\/wgt.ch\/it\/wp-json\/wp\/v2\/comments?post=39626"}],"version-history":[{"count":7,"href":"https:\/\/wgt.ch\/it\/wp-json\/wp\/v2\/pages\/39626\/revisions"}],"predecessor-version":[{"id":45883,"href":"https:\/\/wgt.ch\/it\/wp-json\/wp\/v2\/pages\/39626\/revisions\/45883"}],"wp:featuredmedia":[{"embeddable":true,"href":"https:\/\/wgt.ch\/it\/wp-json\/wp\/v2\/media\/39516"}],"wp:attachment":[{"href":"https:\/\/wgt.ch\/it\/wp-json\/wp\/v2\/media?parent=39626"}],"curies":[{"name":"wp","href":"https:\/\/api.w.org\/{rel}","templated":true}]}}

<section class="l-section wpb_row height_small width_full with_img"><div class="l-section-img" role="img" aria-label="Image" data-img-width="1896" data-img-height="590" style="background-image: url(https://wgt.ch/wp-content/uploads/2025/05/6-Artwork-2026-Rest-for-the-Weary-by-Gift-Amarachi-Ottah-grAusschnitt-e1746456230915.jpg);"></div><div class="l-section-h i-cf"><div class="g-cols vc_row via_grid cols_1 laptops-cols_inherit tablets-cols_inherit mobiles-cols_1 valign_top type_default stacking_default"><div class="wpb_column vc_column_container"><div class="vc_column-inner"><div class="w-separator size_custom" style="height:20vh"></div></div></div></div></div></section><section class="l-section wpb_row height_small"><div class="l-section-h i-cf"><div class="g-cols vc_row via_grid cols_1 laptops-cols_inherit tablets-cols_inherit mobiles-cols_1 valign_top type_default stacking_default"><div class="wpb_column vc_column_container"><div class="vc_column-inner"><h1 class="w-post-elm post_title entry-title color_link_inherit">2026 Nigeria</h1></div></div></div></div></section><section class="l-section wpb_row height_small"><div class="l-section-h i-cf"><div class="g-cols vc_row via_grid cols_1 laptops-cols_inherit tablets-cols_inherit mobiles-cols_1 valign_top type_default stacking_default"><div class="wpb_column vc_column_container"><div class="vc_column-inner"><div class="wpb_text_column"><div class="wpb_wrapper"><h3><strong>Voglio darvi ristoro, venite!</strong></h3>
</div></div></div></div></div></div></section><section class="l-section wpb_row height_small"><div class="l-section-h i-cf"><div class="g-cols vc_row via_grid cols_1 laptops-cols_inherit tablets-cols_inherit mobiles-cols_1 valign_top type_default stacking_default"><div class="wpb_column vc_column_container"><div class="vc_column-inner"><div class="g-cols wpb_row via_grid cols_2-1 laptops-cols_inherit tablets-cols_inherit mobiles-cols_1 valign_top type_default stacking_default" style="--columns-gap:3rem;"><div class="wpb_column vc_column_container"><div class="vc_column-inner"><div class="wpb_text_column"><div class="wpb_wrapper"><p>La Nigeria si trova sulla costa occidentale dell’Africa e si estende su una superficie di<br />
923.768 km² (Svizzera: ca. 41.000 km²). Con circa 230 milioni di abitanti (2024) la Nigeria è il Paese più popoloso dell’Africa.<br />
I tre maggiori gruppi etnici in Nigeria sono gli <em>Hausa-Fulani</em> a nord, gli <em>Yoruba</em> a sud-ovest e gli <em>Igbo</em> a sud-est. Oltre a questi esistono più di 250 comunità etniche e oltre 500 lingue indigene.<br />
Le religioni tradizionali africane comprendono una moltitudine di credenze e riti diversi. Il cristianesimo è stato introdotto durante il periodo coloniale dai missionari europei. Nel nord della Nigeria è diffuso soprattutto l’islam.</p>
<p>La diversità culturale della Nigeria trova espressione nei tessuti dai colori variopinti, dove ogni motivo racconta una storia del patrimonio tradizionale. Sin dall’epoca precristiana la cultura locale tramanda storie orali, musica, danza e teatro, dai tempi moderni dispone pure di una importante industria cinematografica. Con l’assegnazione di diversi premi internazionali, la letteratura nigeriana è balzata all’attenzione a livello mondiale.</p>
<p>A riguardo della storia travagliata della Nigeria, dopo la sua indipendenza dal dominio coloniale britannico (1960), molte persone ricorderanno ancora la guerra del Biafra (1967-1970) e gli atti terroristici del gruppo islamista <em>Boko Haram</em>.</p>
<p>In Nigeria, tanti diritti delle donne non sono ancora realizzati appieno sebbene vi siano donne che occupano importanti posizioni politiche, scientifiche e culturali.<br />
Donne provenienti da contesti geografici e sociali diversi parlano di questo nella liturgia attuale.<br />
Sotto il titolo «Voglio darvi ristoro, venite!» – una versione breve delle note parole bibliche di Gesù «Venite a me, voi tutti che siete affaticati e oppressi e io vi darò riposo» (Mt 11,28) – esse descrivono i pesanti fardelli quotidiani e come, nella fede, trovino «riposo per l’anima».<br />
<em>Gift Amarachi Ottare </em>ha realizzato l’impressionante  immagine di copertina dal titolo «Riposo per le donne affaticate».</p>
</div></div><div class="w-separator size_small"></div></div></div><div class="wpb_column vc_column_container"><div class="vc_column-inner"><div class="w-image align_center"><a ref="magnificPopup" href="https://wgt.ch/wp-content/uploads/2025/05/6-Artwork-2026-Rest-for-the-Weary-by-Gift-Amarachi-Ottah-2.9MB.jpg" aria-label="Titelbild 2026 Nigeria" class="w-image-h"><img decoding="async" src="https://wgt.ch/wp-content/uploads/2025/05/6-Artwork-2026-Rest-for-the-Weary-by-Gift-Amarachi-Ottah-2.9MB.jpg" class="attachment-full size-full" alt="" loading="lazy" /></a></div><div class="w-separator size_custom" style="height:15px"></div><div class="wpb_text_column"><div class="wpb_wrapper"><p style="text-align: center;"><span>Il frontespizio</span> 2026 Nigeria <span data-olk-copy-source="MessageBody">© WDPIC<br />
«Riposo per le donne affaticate»,<br />
di Gift Amarachi Ottah<br />
</span></p>
</div></div><div class="w-separator size_small"></div><div class="w-image align_center"><a ref="magnificPopup" href="https://wgt.ch/wp-content/uploads/2022/11/WGT-CH-Logo-transparent-352-px.png" aria-label="WGT CH Logo transparent 352 px" class="w-image-h"><img decoding="async" width="150" height="150" src="https://wgt.ch/wp-content/uploads/2022/11/WGT-CH-Logo-transparent-352-px-150x150.png" class="attachment-thumbnail size-thumbnail" alt="{:de}WGT-CH Logo transparent 352 px{:}{:fr}JMP-CH Logo transparent 352 px{:}{:it}GMP-CH Logo trasparente 352 px{:}" loading="lazy" srcset="https://wgt.ch/wp-content/uploads/2022/11/WGT-CH-Logo-transparent-352-px-150x150.png 150w, https://wgt.ch/wp-content/uploads/2022/11/WGT-CH-Logo-transparent-352-px-300x300.png 300w, https://wgt.ch/wp-content/uploads/2022/11/WGT-CH-Logo-transparent-352-px.png 352w" sizes="auto, (max-width: 150px) 100vw, 150px" /></a></div><div class="w-separator size_custom" style="height:15px"></div><div class="wpb_text_column"><div class="wpb_wrapper"><p style="text-align: center;"><span>Logo GMP-CH dal 2022</span><br />
<span>clicca per scaricare</span></p>
</div></div><div class="w-separator size_small"></div></div></div></div><div class="g-cols wpb_row via_grid cols_3 laptops-cols_inherit tablets-cols_inherit mobiles-cols_1 valign_top type_default stacking_default" style="--columns-gap:3rem;"><div class="wpb_column vc_column_container"><div class="vc_column-inner"><div class="w-image align_none"><a title="Finestre sulla Nigeria" href="https://wgt.ch/it/2026-nigeria-2/fenster-zu-nigeria/" aria-label="Finestra sulla Nigeria" class="w-image-h"><img decoding="async" width="1024" height="1024" src="https://wgt.ch/wp-content/uploads/2025/06/Finestra-sulla-Nigeria-1024x1024.jpg" class="attachment-large size-large" alt="" loading="lazy" srcset="https://wgt.ch/wp-content/uploads/2025/06/Finestra-sulla-Nigeria-1024x1024.jpg 1024w, https://wgt.ch/wp-content/uploads/2025/06/Finestra-sulla-Nigeria-300x300.jpg 300w, https://wgt.ch/wp-content/uploads/2025/06/Finestra-sulla-Nigeria-150x150.jpg 150w, https://wgt.ch/wp-content/uploads/2025/06/Finestra-sulla-Nigeria.jpg 2000w" sizes="auto, (max-width: 1024px) 100vw, 1024px" /></a></div></div></div><div class="wpb_column vc_column_container"><div class="vc_column-inner"><div class="w-btn-wrapper align_center"><a class="w-btn us-btn-style_2 us_custom_df8388f1 has_text_color" href="https://wgt.ch/it/ueber-uns/termine/"><span class="w-btn-label">Date degli eventi e degli incontri di preparazione</span></a></div><div class="w-btn-wrapper align_center"><a class="w-btn us-btn-style_2 us_custom_df8388f1 has_text_color" href="https://wgt.ch/it/2026-nigeria-2/rueckblick-2026-nigeria/"><span class="w-btn-label">Retrospettiva sulle celebrazioni 2026 Nigeria</span></a></div></div></div><div class="wpb_column vc_column_container"><div class="vc_column-inner"><div class="w-btn-wrapper align_left"><a class="w-btn us-btn-style_2 us_custom_df8388f1 has_text_color" href="https://wgt.ch/it/2026-nigeria-2/downloads-2026-nigeria/"><span class="w-btn-label">Downloads 2026 Nigeria</span></a></div></div></div></div><div class="w-separator size_medium"></div><div class="g-cols wpb_row via_grid cols_1 laptops-cols_inherit tablets-cols_inherit mobiles-cols_1 valign_top type_default stacking_default" style="--columns-gap:3rem;"><div class="wpb_column vc_column_container"><div class="vc_column-inner"><div class="w-map provider_google" id="us_map_1"><div class="w-map-inner"><div class="w-map-json" onclick='return {&quot;address&quot;:&quot;Nigeria&quot;,&quot;disableDragging&quot;:0,&quot;disableZoom&quot;:0,&quot;hideControls&quot;:0,&quot;zoom&quot;:4,&quot;markers&quot;:[{&quot;address&quot;:&quot;Nigeria&quot;,&quot;html&quot;:&quot;&lt;h6&gt;Nigeria&lt;\/h6&gt;&quot;,&quot;infowindow&quot;:&quot;1&quot;}],&quot;maptype&quot;:&quot;TERRAIN&quot;}'></div></div></div><div class="w-separator size_medium"></div></div></div></div></div></div></div></div></section>

{:de}2026 NigeriaIch will euch stärken, kommt! Nigeria liegt an der Westküste Afrikas und erstreckt sich über eine Fläche von 923&#8217;768 km² (Schweiz: ca. 41&#8217;000 km²). Mit einer Bevölkerung von ca. 230 Millionen Menschen (2024) ist Nigeria das bevölkerungsreichste Land Afrikas. Die drei grössten ethnischen Gruppen in Nigeria sind die Hausa-Fulani im Norden, die Yoruba im Südwesten...
